{"id":174,"date":"2022-06-07T10:34:34","date_gmt":"2022-06-07T10:34:34","guid":{"rendered":"https:\/\/funny-heyrovsky.195-242-103-230.plesk.page\/?page_id=174"},"modified":"2022-06-07T10:35:37","modified_gmt":"2022-06-07T10:35:37","slug":"cookie-richtlinie","status":"publish","type":"page","link":"https:\/\/ihs-lieferservice.de\/index.php\/cookie-richtlinie\/","title":{"rendered":"Cookie Richtlinie"},"content":{"rendered":"<div class=\"et_d4_element et_pb_section et_pb_section_0 et_pb_section_parallax et_pb_with_background  et_pb_css_mix_blend_mode et_section_regular et_block_section\" >\n\t\t\t\t\n\t\t\t\t<span class=\"et_parallax_bg_wrap et-pb-parallax-wrapper\"><span\n\t\t\t\t\t\tclass=\"et_parallax_bg et_pb_parallax_css et_parallax_bg--et_pb_section_0\"\n\t\t\t\t\t\tstyle=\"background-image: url(https:\/\/ihs-lieferservice.de\/wp-content\/uploads\/2022\/06\/1642925729-1.jpg);\"\n\t\t\t\t\t><\/span><\/span>\n\t\t\t\t\n\t\t\t\t\n\t\t\t\t\n\t\t\t\t\n\t\t\t\t<div class=\"et_d4_element et_pb_row et_pb_row_0 et_pb_equal_columns et_pb_gutters1  et_pb_css_mix_blend_mode et_block_row\">\n\t\t\t\t<div class=\"et_d4_element et_pb_column_1_3 et_pb_column et_pb_column_0  et_pb_css_mix_blend_mode et_block_column\">\n\t\t\t\t\n\t\t\t\t\n\t\t\t\t\n\t\t\t\t\n\t\t\t\t<div class=\"et_pb_module et_d4_element et_pb_image et_pb_image_0\">\n\t\t\t\t\n\t\t\t\t\n\t\t\t\t\n\t\t\t\t\n\t\t\t\t<span class=\"et_pb_image_wrap \"><img loading=\"lazy\" decoding=\"async\" width=\"210\" height=\"143\" src=\"https:\/\/ihs-lieferservice.de\/wp-content\/uploads\/2022\/06\/image.png\" alt=\"\" title=\"image\" class=\"wp-image-29\" \/><\/span>\n\t\t\t<\/div>\n\t\t\t<\/div><div class=\"et_d4_element et_pb_column_2_3 et_pb_column et_pb_column_1  et_pb_css_mix_blend_mode et-last-child et_block_column\">\n\t\t\t\t\n\t\t\t\t\n\t\t\t\t\n\t\t\t\t\n\t\t\t\t<div class=\"et_pb_module et_d4_element et_pb_text et_pb_text_0  et_pb_text_align_left et_pb_bg_layout_light\">\n\t\t\t\t\n\t\t\t\t\n\t\t\t\t\n\t\t\t\t\n\t\t\t\t<div class=\"et_pb_text_inner\"><div id=\"cc-m-14628839723\" class=\"j-module n j-header \">\n<div id=\"cc-m-14628839723\" class=\"j-module n j-header \">\n<div id=\"cc-m-14628839823\" class=\"j-module n j-header \">\n<div id=\"cc-m-14637285623\" class=\"j-module n j-header \">\n<div id=\"cc-m-14637373423\" class=\"j-module n j-header \">\n<div id=\"cc-m-14628847323\" class=\"j-module n j-header \">\n<div id=\"cc-m-19007226425\" class=\"j-module n j-header\">\n<h1 style=\"text-align: center;\"><span>Cookie Richtlinie<\/span><\/h1>\n<\/div>\n<\/div>\n<\/div>\n<\/div>\n<\/div>\n<\/div>\n<\/div><\/div>\n\t\t\t<\/div><div class=\"et_pb_module et_d4_element et_pb_text et_pb_text_1  et_pb_text_align_left et_pb_bg_layout_light\">\n\t\t\t\t\n\t\t\t\t\n\t\t\t\t\n\t\t\t\t\n\t\t\t\t<div class=\"et_pb_text_inner\"><h1 class=\"wp-block wp-block-post-title block-editor-block-list__block editor-post-title editor-post-title__input rich-text\" aria-label=\"Add title\" role=\"textbox\" aria-multiline=\"true\">Cookie-Richtlinie<\/h1>\n<p>Die IHS Lieferservoce setzt auf ihren Webseiten verschiedene Cookies ein. Cookies sind kleine Dateien mit Konfigurationsinformationen, die auf Ihrem Endger\u00e4t gespeichert werden. Cookies lassen sich grunds\u00e4tzlich in drei Kategorien unterteilen.<\/p>\n<p>&nbsp;<\/p>\n<ol>\n<li>F\u00fcr die Funktionalit\u00e4t der Webseite sind sog.\u00a0<strong>Funktionscookies\u00a0<\/strong>unerl\u00e4sslich. Die Verarbeitung der Funktionscookies ist notwendig, um Ihnen einen Besuch der Webseite zu erm\u00f6glichen (vgl. Art. 6 Abs. 1 lit. b DSGVO).<\/li>\n<li>Den Komfort eines Webseitenbesuchs erh\u00f6hen sog.\u00a0<strong>Komfortcookies<\/strong>, die z. B. Ihre Spracheinstellungen speichern. Die Rechtsgrundlage f\u00fcr die Komfortcookies ist ein berechtigtes Interesse (Art. 6 Abs. 1 lit. f DSGVO). Das berechtigte Interesse liegt in der Bereitstellung eines gewissen Komforts bei Ihren Besuchen auf der Webseite. Sie k\u00f6nnen der Datenverarbeitung jederzeit mit Wirkung f\u00fcr die Zukunft widersprechen. N\u00e4here Informationen dazu finden Sie in der\u00a0Datenschutzerkl\u00e4rung.<\/li>\n<li>Um ein pseudonymisiertes Nutzungsprofil zu erstellen werden sog.\u00a0<strong>Trackingcookies<\/strong>\u00a0verwendet. Trackingcookies werden nur gesetzt, wenn eine Einwilligung durch den Webseitenbesucher daf\u00fcr vorliegt (Art. 6 Abs. 1 lit. a DSGVO). Die Einwilligung wird \u00fcber den sog. Cookie-Banner abgegeben, der aktiv angeklickt werden muss.<br \/>Weitere Informationen zu den eingesetzten Trackingtools und wie Sie Ihre Einwilligung widerrufen k\u00f6nnen, finden Sie in der\u00a0Datenschutzerkl\u00e4rung.<\/li>\n<\/ol>\n<p>&nbsp;<\/p>\n<p><strong>Innerhalb der beschriebenen Kategorien werden verschiedene Cookie-Arten eingesetzt. Nachfolgend sind die gebr\u00e4uchlichsten Arten von Cookies zu Ihrem Verst\u00e4ndnis erkl\u00e4rt:<\/strong><\/p>\n<p>&nbsp;<\/p>\n<h3 id=\"1-sitzungs-cookies\">1. Sitzungs-Cookies<\/h3>\n<p>&nbsp;<\/p>\n<p>W\u00e4hrend Sie auf einer Webseite aktiv sind, wird tempor\u00e4r ein Sitzungs-Cookie im Speicher Ihres Computers abgelegt, in dem eine Sitzungskennung gespeichert wird, um z.B. bei jedem Seitenwechsel zu verhindern, dass Sie sich erneut anmelden m\u00fcssen. Sitzungs-Cookies werden bei der Abmeldung gel\u00f6scht oder verlieren ihre G\u00fcltigkeit, sobald ihre Sitzung automatisch abgelaufen ist.\u00a0<\/p>\n<p>&nbsp;<\/p>\n<h3 id=\"2-permanente-oder-protokoll-cookies\">2. Permanente oder Protokoll-Cookies<\/h3>\n<p>&nbsp;<\/p>\n<p>Ein permanenter oder Protokoll-Cookie speichert eine Datei \u00fcber den im Ablaufdatum vorgesehenen Zeitraum auf Ihrem Computer. Durch diese Cookies erinnern sich Webseiten bei Ihrem n\u00e4chsten Besuch an Ihre Informationen und Einstellungen. Das f\u00fchrt zu einem schnelleren und bequemeren Zugriff, da Sie z.B. nicht erneut ihre Spracheinstellung f\u00fcr unser Portal vornehmen m\u00fcssen. Mit Verstreichen des Ablaufdatums wird der Cookie automatisch gel\u00f6scht, wenn Sie die Webseite besuchen, die diesen erzeugt hat.\u00a0<\/p>\n<p>&nbsp;<\/p>\n<h3 id=\"3-drittanbieter-cookies\">3. Drittanbieter-Cookies<\/h3>\n<p>&nbsp;<\/p>\n<p>Drittanbieter-Cookies stammen von anderen Anbietern als dem Betreiber der Webseite. Sie k\u00f6nnen beispielsweise zum Sammeln von Informationen f\u00fcr Werbung, benutzerdefinierte Inhalte und Web-Statistiken verwendet werden.\u00a0<\/p>\n<p>&nbsp;<\/p>\n<h3 id=\"4-flash-cookies\">4. Flash-Cookies<\/h3>\n<p>&nbsp;<\/p>\n<p class=\"has-small-font-size\">Flash-Cookies werden als Datenelemente von Webseiten auf Ihrem Computer gespeichert, wenn diese mit Adobe Flash betrieben werden. Flash-Cookies haben kein Zeitlimit.\u00a0<\/p><\/div>\n\t\t\t<\/div>\n\t\t\t<\/div>\n\t\t\t\t\n\t\t\t\t\n\t\t\t\t\n\t\t\t\t\n\t\t\t<\/div><div class=\"et_d4_element et_pb_row et_pb_row_1 et_pb_equal_columns et_pb_gutters1  et_pb_css_mix_blend_mode et_block_row\">\n\t\t\t\t<div class=\"et_d4_element et_pb_column_1_3 et_pb_column et_pb_column_2  et_pb_css_mix_blend_mode et_block_column et_pb_column_empty\">\n\t\t\t\t\n\t\t\t\t\n\t\t\t\t\n\t\t\t\t\n\t\t\t\t\n\t\t\t<\/div><div class=\"et_d4_element et_pb_column_2_3 et_pb_column et_pb_column_3  et_pb_css_mix_blend_mode et-last-child et_block_column\">\n\t\t\t\t\n\t\t\t\t\n\t\t\t\t\n\t\t\t\t\n\t\t\t\t<div class=\"et_pb_module et_d4_element et_pb_text et_pb_text_2  et_pb_text_align_left et_pb_bg_layout_light\">\n\t\t\t\t\n\t\t\t\t\n\t\t\t\t\n\t\t\t\t\n\t\t\t\t<div class=\"et_pb_text_inner\"><div id=\"cc-m-14628839723\" class=\"j-module n j-header \">\n<div id=\"cc-m-14628839723\" class=\"j-module n j-header \">\n<div id=\"cc-m-14636811423\" class=\"j-module n j-header \">\n<div class=\"cc-m-hgrid-column\">\n<div id=\"cc-matrix-4110070123\">\n<div id=\"cc-m-14636811723\" class=\"j-module n j-header \">\n<div id=\"cc-m-14636811823\" class=\"j-module n j-header \">\n<h1 id=\"cc-m-header-14628848823\" style=\"text-align: center;\"><img loading=\"lazy\" decoding=\"async\" src=\"https:\/\/ihs-lieferservice.de\/wp-content\/uploads\/2022\/06\/image-2.png\" width=\"30\" height=\"26\" alt=\"\" class=\"wp-image-22 alignnone size-full\" \/>\u00a0 \u00a0 M\u00fcnchen\u00a0 \u00a0 <img loading=\"lazy\" decoding=\"async\" src=\"https:\/\/ihs-lieferservice.de\/wp-content\/uploads\/2022\/06\/image-1.png\" width=\"30\" height=\"26\" alt=\"\" class=\"wp-image-20 alignnone size-full\" \/><\/h1>\n<\/div>\n<\/div>\n<\/div>\n<\/div>\n<\/div>\n<\/div>\n<\/div><\/div>\n\t\t\t<\/div>\n\t\t\t<\/div>\n\t\t\t\t\n\t\t\t\t\n\t\t\t\t\n\t\t\t\t\n\t\t\t<\/div><div class=\"et_d4_element et_pb_row et_pb_row_2 et_pb_equal_columns et_pb_gutters1  et_pb_css_mix_blend_mode et_block_row\">\n\t\t\t\t<div class=\"et_d4_element et_pb_column_1_3 et_pb_column et_pb_column_4  et_pb_css_mix_blend_mode et_block_column et_pb_column_empty\">\n\t\t\t\t\n\t\t\t\t\n\t\t\t\t\n\t\t\t\t\n\t\t\t\t\n\t\t\t<\/div><div class=\"et_d4_element et_pb_column_1_3 et_pb_column et_pb_column_5  et_pb_css_mix_blend_mode et_block_column\">\n\t\t\t\t\n\t\t\t\t\n\t\t\t\t\n\t\t\t\t\n\t\t\t\t<div class=\"et_pb_module et_d4_element et_pb_code et_pb_code_0  et_pb_text_align_center\">\n\t\t\t\t\n\t\t\t\t\n\t\t\t\t\n\t\t\t\t\n\t\t\t\t<div class=\"et_pb_code_inner\"><!-- If you would like to customize the button, remove or change the \"class\" attribute inside the <span> tag --><span class=\"glf-button\" data-glf-cuid=\"9f86c4ba-184e-48a0-8951-6fc50f5e39a3\"\ndata-glf-ruid=\"bc56ef11-3816-4217-a701-87b9ecf705b4\">Men\u00fc bestellen<\/span> \n<script src=\"https:\/\/www.fbgcdn.com\/embedder\/js\/ewm2.js\" defer=\"defer\" async=\"async\"><\/script><\/div>\n\t\t\t<\/div>\n\t\t\t<\/div><div class=\"et_d4_element et_pb_column_1_3 et_pb_column et_pb_column_6  et_pb_css_mix_blend_mode et-last-child et_block_column\">\n\t\t\t\t\n\t\t\t\t\n\t\t\t\t\n\t\t\t\t\n\t\t\t\t<div class=\"et_pb_module et_d4_element et_pb_text et_pb_text_3  et_pb_text_align_left et_pb_bg_layout_light\">\n\t\t\t\t\n\t\t\t\t\n\t\t\t\t\n\t\t\t\t\n\t\t\t\t<div class=\"et_pb_text_inner\"><h1><strong>Tel.: 089 74 600 91<\/strong><\/h1><\/div>\n\t\t\t<\/div>\n\t\t\t<\/div>\n\t\t\t\t\n\t\t\t\t\n\t\t\t\t\n\t\t\t\t\n\t\t\t<\/div><div class=\"et_d4_element et_pb_row et_pb_row_3 et_pb_equal_columns et_pb_gutters1  et_pb_css_mix_blend_mode et_block_row\">\n\t\t\t\t<div class=\"et_d4_element et_pb_column_1_3 et_pb_column et_pb_column_7  et_pb_css_mix_blend_mode et_block_column et_pb_column_empty\">\n\t\t\t\t\n\t\t\t\t\n\t\t\t\t\n\t\t\t\t\n\t\t\t\t\n\t\t\t<\/div><div class=\"et_d4_element et_pb_column_2_3 et_pb_column et_pb_column_8  et_pb_css_mix_blend_mode et-last-child et_block_column\">\n\t\t\t\t\n\t\t\t\t\n\t\t\t\t\n\t\t\t\t\n\t\t\t\t<div class=\"et_pb_module et_d4_element et_pb_text et_pb_text_4  et_pb_text_align_left et_pb_bg_layout_light\">\n\t\t\t\t\n\t\t\t\t\n\t\t\t\t\n\t\t\t\t\n\t\t\t\t<div class=\"et_pb_text_inner\"><h2 class=\"\" id=\"cc-m-header-14637110023\" style=\"text-align: left;\">ADRESSE<\/h2>\n<p style=\"text-align: left;\">Plinganser Stra\u00dfe 9<br \/>81369 M\u00fcnchen<\/p>\n<h2 style=\"text-align: left;\"><strong>\u00d6ffnungszeiten<\/strong><\/h2>\n<div class=\"cc-m-hgrid-column\">\n<div id=\"cc-matrix-4110074823\">\n<div id=\"cc-m-14628850123\" class=\"j-module n j-text \">\n<p style=\"text-align: left;\">Montag: Ruhetag (au\u00dfer an Feiertage)<br \/>Dienstag - Freitag: \u00a011:00 - 14:00 Uhr und 17:00 bis 23:00 Uhr<br \/>Samstag: 17:00 bis 23:00 Uhr<br \/>Sonn.-&amp; Feiertage: \u00a0 11:00 - 23:00 Uhr<\/p>\n<\/div>\n<\/div>\n<\/div><\/div>\n\t\t\t<\/div>\n\t\t\t<\/div>\n\t\t\t\t\n\t\t\t\t\n\t\t\t\t\n\t\t\t\t\n\t\t\t<\/div>\n\t\t\t\t\n\t\t\t\t\n\t\t\t<\/div>\n","protected":false},"excerpt":{"rendered":"","protected":false},"author":2,"featured_media":0,"parent":0,"menu_order":0,"comment_status":"closed","ping_status":"closed","template":"","meta":{"_et_pb_use_builder":"on","_et_pb_old_content":"","_et_gb_content_width":"","footnotes":""},"class_list":["post-174","page","type-page","status-publish","hentry"],"_links":{"self":[{"href":"https:\/\/ihs-lieferservice.de\/index.php\/wp-json\/wp\/v2\/pages\/174","targetHints":{"allow":["GET"]}}],"collection":[{"href":"https:\/\/ihs-lieferservice.de\/index.php\/wp-json\/wp\/v2\/pages"}],"about":[{"href":"https:\/\/ihs-lieferservice.de\/index.php\/wp-json\/wp\/v2\/types\/page"}],"author":[{"embeddable":true,"href":"https:\/\/ihs-lieferservice.de\/index.php\/wp-json\/wp\/v2\/users\/2"}],"replies":[{"embeddable":true,"href":"https:\/\/ihs-lieferservice.de\/index.php\/wp-json\/wp\/v2\/comments?post=174"}],"version-history":[{"count":4,"href":"https:\/\/ihs-lieferservice.de\/index.php\/wp-json\/wp\/v2\/pages\/174\/revisions"}],"predecessor-version":[{"id":179,"href":"https:\/\/ihs-lieferservice.de\/index.php\/wp-json\/wp\/v2\/pages\/174\/revisions\/179"}],"wp:attachment":[{"href":"https:\/\/ihs-lieferservice.de\/index.php\/wp-json\/wp\/v2\/media?parent=174"}],"curies":[{"name":"wp","href":"https:\/\/api.w.org\/{rel}","templated":true}]}}